{"id":1135,"date":"2025-11-19T23:35:36","date_gmt":"2025-11-19T23:35:36","guid":{"rendered":"https:\/\/babieone.de\/?post_type=product&#038;p=1135"},"modified":"2025-11-19T23:35:36","modified_gmt":"2025-11-19T23:35:36","slug":"set-tripp-trapp-natural-mit-baby-set-und-tablett","status":"publish","type":"product","link":"https:\/\/babieone.de\/?product=set-tripp-trapp-natural-mit-baby-set-und-tablett","title":{"rendered":"Set Tripp Trapp\u00ae Natural mit Baby Set und Tablett"},"content":{"rendered":"<p>Der Hochstuhl Tripp Trapp\u00ae von Stokke aus massivem Buchenholz begeistert schon seit Langem durch sein intelligentes sowie ergonomisch ausgereiftes Design und seine sehr gute Verarbeitung. Aber am aller wichtigsten ist, dass der Tripp Trapp\u00ae sicher f\u00fcr dein Kind ist. Die solide Konstruktion des Stuhls erf\u00fcllt alle Anforderungen an einen standfesten Hochstuhl, damit dein Kind nicht heraus- oder umfallen kann. Babys k\u00f6nnen im Tripp Trapp\u00ae zus\u00e4tzlich mit dem Baby Set von Stokke gesichert werden.<\/p>\n<p>Neben dem zeitlosen Design kann der Hochstuhl Tripp Trapp\u00ae mit der Entwicklung deines Kindes lange, sogar bis in das Erwachsenenalter, mitwachsen. Sowohl die Sitzplatte als auch die Fu\u00dfplatte kann leicht an die aktuelle Gr\u00f6\u00dfe deines Kindes angepasst werden. So nimmt das Kind immer voll und ganz mit viel Freude am Familienleben teil.<\/p>\n<p>Der Tripp Trapp\u00ae ist einfach zu montieren und mit einem Gewicht von 6,3 kg relativ leicht und gut zu tragen.<\/p>\n<p>Das Tripp Trapp\u00ae Baby Set wurde von Stokke entwickelt, um dein Baby im Hochstuhl zu st\u00fctzen und zu sichern. Dabei wird dein Kind durch eine R\u00fcckenlehne, einem B\u00fcgel sowie durch ein Paar Gleitschuhe, welche die Kippsicherheit erh\u00f6hen, abgesichert. Dein Baby sollte das Tripp Trapp\u00ae Baby Set auf dem Tripp Trapp\u00ae ab einem Alter von ca. 6-9 Monaten, je nach Entwicklungsstand, nutzen k\u00f6nnen. Es wird empfohlen es solange zur Sicherheit des Kindes zu nutzen, bis es von alleine auf den Stuhl und wieder hinab steigen kann. Der Aufbau des Tripp Trapp\u00ae Baby Set ist einfach, da hierf\u00fcr kein Werkzeug ben\u00f6tigt wird.<\/p>\n<p>Der Tripp Trapp\u00ae Hochstuhl ist so konstruiert, dass er direkt an den Tisch passt. So kann das Baby am Familienleben teilnehmen.<br \/>\nVerwandle deinen Tripp Trapp\u00ae in einen eigenst\u00e4ndigen Hochstuhl mit dem Stokke\u00ae Tray. Praktisch beim F\u00fcttern oder bei \u00fcberf\u00fcllten Tischen. Das Tablett erg\u00e4nzt mit seinen klaren skandinavischen Linien das Design des Tripp Trapp\u00ae Stuhls und macht diesen zu einem einzigartigen Sitz. Es ist geeignet f\u00fcr Kinder ab ca. 6 Monate bis 3 Jahre.<\/p>\n<p>&nbsp;<\/p>\n<ul class=\"product-detail-highlights\">\n<li>Set bestehend aus Tripp Trapp Hochstuhl, Baby Set und Tablett<\/li>\n<li>tiefen- und h\u00f6henverstellbare Sitz- und Fu\u00dffl\u00e4chen<\/li>\n<li>Montage und Befestigung ohne Werkzeug<\/li>\n<\/ul>\n","protected":false},"excerpt":{"rendered":"<p>Der Hochstuhl Tripp Trapp\u00ae von Stokke aus massivem Buchenholz begeistert schon seit Langem durch sein intelligentes sowie ergonomisch ausgereiftes Design und seine sehr gute Verarbeitung. Aber am aller wichtigsten ist, dass der Tripp Trapp\u00ae sicher&hellip;<\/p>\n","protected":false},"featured_media":1142,"comment_status":"open","ping_status":"closed","template":"","meta":[],"product_brand":[],"product_cat":[44,26],"product_tag":[],"class_list":{"0":"post-1135","1":"product","2":"type-product","3":"status-publish","4":"has-post-thumbnail","6":"product_cat-high-chairs","7":"product_cat-child-seat","9":"first","10":"instock","11":"shipping-taxable","12":"purchasable","13":"product-type-simple"},"jetpack_sharing_enabled":true,"_links":{"self":[{"href":"https:\/\/babieone.de\/index.php?rest_route=\/wp\/v2\/product\/1135","targetHints":{"allow":["GET"]}}],"collection":[{"href":"https:\/\/babieone.de\/index.php?rest_route=\/wp\/v2\/product"}],"about":[{"href":"https:\/\/babieone.de\/index.php?rest_route=\/wp\/v2\/types\/product"}],"replies":[{"embeddable":true,"href":"https:\/\/babieone.de\/index.php?rest_route=%2Fwp%2Fv2%2Fcomments&post=1135"}],"wp:featuredmedia":[{"embeddable":true,"href":"https:\/\/babieone.de\/index.php?rest_route=\/wp\/v2\/media\/1142"}],"wp:attachment":[{"href":"https:\/\/babieone.de\/index.php?rest_route=%2Fwp%2Fv2%2Fmedia&parent=1135"}],"wp:term":[{"taxonomy":"product_brand","embeddable":true,"href":"https:\/\/babieone.de\/index.php?rest_route=%2Fwp%2Fv2%2Fproduct_brand&post=1135"},{"taxonomy":"product_cat","embeddable":true,"href":"https:\/\/babieone.de\/index.php?rest_route=%2Fwp%2Fv2%2Fproduct_cat&post=1135"},{"taxonomy":"product_tag","embeddable":true,"href":"https:\/\/babieone.de\/index.php?rest_route=%2Fwp%2Fv2%2Fproduct_tag&post=1135"}],"curies":[{"name":"wp","href":"https:\/\/api.w.org\/{rel}","templated":true}]}}